2 + 7*q. Let v(p) = -p**3 - 10*p**2 - p - 3. Let f be v(-10). Let i be k(f). Suppose i = 5*t - 186 - 104. Is t a composite number?
True
Let l(c) = -223129*c + 19731. Is l(-8) a prime number?
True
Let q(p) = p**3 + 2*p**2 - 4*p. Let l be q(-3). Suppose 2*r - l*t = -5*t, -2 = -t. Is 2 + (2682/15)/(r/(-5)) a composite number?
False
Suppose 0 = -49*w + 50*w - 33. Let z(c) = 48*c - 103. Is z(w) a prime number?
True
Let f = -783 + 711. Suppose 0 = -0*j - 3*j + 231. Let l = j - f. Is l composite?
False
Let y(v) = -8*v - 32. Let u be y(-2). Is -2 + u/4 + 1475 a prime number?
False
Suppose -3*i + 913*m = 909*m - 29589, -3*m = 3*i - 29589. Is i prime?
False
Let b(x) = 557*x + 119. Suppose 19*i = -9*i + 336. Is b(i) a prime number?
True
Let b(f) = 5830*f**2 - 264*f + 1661. Is b(6) a composite number?
True
Let p = 1541519 - 698452. Is p prime?
True
Let c(w) = 12*w**3 + w**2 + w + 6. Let m(k) = -3*k - 5. Let o be m(-3). Let z be c(o). Is 66/44*z/3 a prime number?
True
Suppose 5*c + 912 = -7*c. Let a = 68 + c. Is (-2 + (-20)/a)*38 prime?
True
Suppose p = -4*t + 18, 2*p = 5*t - 40 + 11. Suppose 20*r - t*r = -82350. Let u = r + 14303. Is u prime?
False
Suppose -2*c = -5*p + 9, 5*p - 3*p - 4*c + 6 = 0. Suppose 9 = -p*d, -2*x = 3*x + d - 2852. Is x prime?
True
Let c(o) = 9680*o**2 - 22*o + 29. Is c(3) a prime number?
True
Suppose y - 146863 = 50471 + 17849. Is y composite?
False
Let y = -719 - -1205. Let j be (6/(-2) - y)/(-1). Let x = 298 + j. Is x composite?
False
Suppose 11*k = -4*h + 9*k + 398534, -4*h + 398549 = -3*k. Is h a composite number?
True
Suppose -18*q - q = 4*q - 9325511. Is q prime?
False
Let w(t) = -203*t + 20. Let u(h) = -202*h + 19. Let x(y) = -4*u(y) + 3*w(y). Let o be x(6). Suppose -3*a - 47 = -o. Is a prime?
False
Suppose 67 = -5*c + 5*o + 872, c = 3*o + 169. Let t = c - -2. Let w = t + -97. Is w a composite number?
True
Suppose -2*p - 4*o + 18 = 0, 2*p - 3 = 3*p - 2*o. Suppose 7*b = 3*b - 4*w + 4896, -3*w + p = 0. Is b prime?
True
Is ((-6)/4*1)/((-3)/192594) a prime number?
False
Suppose 4*d + 2*a + 50 = 0, 0*a - 85 = 4*d - 5*a. Let m = -2254 + 551. Is (m + d/5)/(-2) a composite number?
False
Let k(g) = 206*g - 8. Let x be k(5). Suppose -x + 236 = 3*p. Is (-2)/3 + p/(-6) a prime number?
True
Let c be (150/42 - 3)/(3/21). Suppose -566 - 515 = -v - 4*o, -c*v + 5*o = -4408. Is v a composite number?
False
Let l = -368902 + 884081. Is l composite?
True
Is -6 - ((-69)/3)/((-43)/(-1433233)) a prime number?
False
Let f be 5/5*(3 + -2)*2305. Suppose f = -3*o + 7504. Is o a composite number?
False
Let k be ((-6570)/25)/2 - (-4)/10. Let b = -132 - k. Is (-1 + 0)*631/b prime?
True
Let w = -320 + 322. Suppose 3*b + 5*j = -2*b + 295, -2*j - 118 = -w*b. Is b a composite number?
False
Let r(n) = -n**3 + 6*n**2 + n + 6. Let l be r(6). Is (2 + 54)/(-4)*(-6234)/l prime?
False
Is 70359/9 - ((-979)/(-267) - 1*3) composite?
False
Let o(k) = 42*k**2 - 212*k + 5081. Is o(69) a composite number?
True
Let w(l) = 1734*l + 73. Let t(q) = -1732*q - 71. Let p(k) = -6*t(k) - 5*w(k). Is p(3) composite?
False
Let a = -345235 + 541338. Is a composite?
True
Suppose 35*a - 6473438 = -23*a. Is a composite?
False
Let c(r) = 15 - 29 + r**2 + 24 - 9*r + 10. Let l be c(5). Suppose -2*v - 2*t + 7978 = l, -3*v + t + 11064 = -887. Is v a prime number?
False
Let r be 111 + -119 + 6/(-9)*-3. Let o(b) = -b - 6*b - 5*b + 9*b**2 - 19. Is o(r) composite?
True
Let w(m) = 1710*m + 81. Let o(v) = -52155*v - 2470. Let a(n) = 5*o(n) + 152*w(n). Is a(-5) a prime number?
False
Suppose -5*l - 302450 = -b, -b - 3*l = -299173 - 3301. Is b a prime number?
False
Suppose l + 2*m - 12475 = 0, 5*l + 14*m - 17*m = 62362. Is l prime?
True
Suppose n - 5*m + 8 + 13 = 0, 19 = -3*n + 4*m. Is ((-158)/(-4))/(n/(-6)) prime?
False
Let m be (35 + -32)*(-1)/3. Is ((-15956)/m + 0)*(-26)/(-52) prime?
False
Let t be ((-1745)/(-10))/((-3)/(-114)). Suppose -5*i = -3*g + 13486, -5396 = 4*i - 2*i - 2*g. Let p = t + i. Is p a prime number?
False
Let u be 1 - ((-126)/(-54) + 4/6). Is -56 + 62 + (-4066)/u a composite number?
False
Is ((-12)/(-36)*(0 - -1))/((-45)/(-3014955)) a prime number?
False
Let j(y) = 1351*y + 911. Is j(116) a prime number?
True
Let i = 3391 - 3235. Let h = 58 - 37. Suppose -25*u = -h*u - i. Is u composite?
True
Let s(m) = 177506*m**3 + 5*m**2 - 9*m + 9. Is s(1) a prime number?
True
Suppose -12 = 9*f - 10*f. Let p be (-3 + 2 - -1)*(-3)/f. Suppose -a + 912 + 41 = p. Is a a prime number?
True
Suppose -2*g + 3*g = 7*g. Suppose -5*s + 8 = 3*f - 5, g = s + f - 1. Suppose -s*n = j - 2*j + 3220, j = -n + 3202. Is j composite?
True
Suppose 5*f - 7 = -2. Suppose -l - 3*l = 5*w + f, 5*l = -w + 25. Is 4/l*9738/12 prime?
True
Let q = 37350 + -11011. Is q prime?
True
Let k(x) = 2*x - 10*x**2 - 4*x - 2*x**3 - 6 + 4*x - 7*x. Let n be k(-8). Suppose -8*s - n = -10*s. Is s prime?
False
Let n(a) = -2*a - 16. Let i be n(-11). Suppose 5*h - v = i*h - 2441, -h + 2433 = -v. Is h a prime number?
True
Suppose 270 = 3*v + 51. Let t = v - 70. Suppose -t*j + 3774 = 3*s, 5*s + j - 6294 = -0*s. Is s prime?
True
Suppose -5 = -2*p + 4*n - 3, -20 = -4*p + 4*n. Is 1 + -2 + 24966/p a prime number?
False
Suppose 0 = 4*n + 4, -20*t + 5*n + 39584 = -17*t. Is t a prime number?
False
Let l = 62198 - -35283. Is l a composite number?
True
Let r = 255 - 71. Suppose w + r = 5*w. Suppose -28 = -2*j + w. Is j prime?
True
Let j(a) = 17*a**2 + 15*a + 899. Is j(-61) a composite number?
False
Suppose -6 = 4*a + 2*a. Let y(t) = -2106*t - 119 - 120 - 122 + 354. Is y(a) composite?
False
Let x(i) = -i**2 - 16*i - 54. Let c be x(-10). Is 26374/c - 120/(-90) prime?
True
Is (-4 + 5)*(72026 - 15) a composite number?
True
Suppose 35*c - 54*c = -855. Suppose -c*i + 8*i = -65009. Is i a composite number?
True
Suppose -s + 5*x + 2659 = -524, 4*x - 9454 = -3*s. Suppose -6*w = -15*w + 54. Suppose 3244 = w*i - s. Is i composite?
True
Suppose 17 = -2*r - 5*k, 0 = 2*r - 4*k - 15 - 13. Suppose -p + 2911 = r*x, 2*p - 5*x - 5874 = -0*x. Is p a prime number?
True
Suppose 17*x + 2 = 15*x. Let v be (x - -1857) + -7 + 5. Suppose 5*b - 2*i = 4593, i = 2*b - 4*i - v. Is b prime?
False
Let a(r) = 215*r - 134. Let p(c) = -8*c**3 + 3*c**2 + 5*c + 3. Let i be p(-1). Is a(i) prime?
True
Let v = -20 - -96. Let i = -79 + v. Is i/1 - (-3)/((-12)/(-1528)) composite?
False
Suppose 461991 = 3*i - 4*j, -24*i + 22*i - 5*j = -308017. Is i a composite number?
False
Let z = -93 - -92. Is z/(-3) + (-50)/(-30) + 49 prime?
False
Is (-408235)/(-4) + (-1)/2*(-34)/68 composite?
False
Let c(k) = -k + 4*k - 4 - 2. Let p be c(4). Suppose p*m - 761 = 5*m. Is m a composite number?
False
Suppose 9*g - 4*g - 19185 = 0. Let c be (21/(-14))/((-3)/4). Suppose c*q - 1546 = 4*a, -5*q + a = 5*a - g. Is q a composite number?
False
Let q(y) = y**2 + 8*y - 3. Let w be q(-3). Let a(r) be the third derivative of -r**4/8 - 35*r**3/6 + 24*r**2. Is a(w) prime?
True
Let j be 8/20 + ((-1131054)/(-5))/3. Suppose j = 3*v + 9062. Let r = v + -15119. Is r prime?
False
Let u be 5/(30/88)*3. Suppose 17*f = 1675 + 1334. Let a = f + u. Is a prime?
False
Is (-1066818)/(-1) - 40/2*104/(-416) prime?
False
Let a be 9/((-108)/(-8))*-3 + 3. Is (0 - a)*2 - -1673 a composite number?
True
Let c(x) = -14*x**3 - 27*x**2 + 23*x - 69 + 14*x - 70*x + 22*x. Is c(-11) composite?
True
Let r = -337422 - -682603. Is r a prime number?
True
Let w be 37078 - ((12/(-6) - -5) + -2). Suppose -21*t + 18*t = -w. Is t prime?
False
Let m be (0/9)/(1 - 3). Suppose 3*j - 15070 = -5*a, m = 5*a + j - 0*j - 15060. Is a a prime number?
True
Suppose 868 = -2*l - n, -5*n + 445 = l - 2*l. Let i = 14232 - l. Is i a composite number?
True
Let s(j) = -3*j**2 + 8*j + 24 + 4*j**2 + j**2 - 8. Let z be s(-7). Is z/((-6)/4 + 39/18) composite?
True
Let i(w) = 354*w + 17. Let f be i(-3). Let j = 1992 + f. Is j composite?
False
Let o(z) = z**3 - 11*z**2 - 11*z - 11. Let v be o(12). Let p(h) = 2158*h**2 + 1. Is p(v) a prime number?
False
Suppose -1094 = 18*c + 972 - 2390. Suppose -2*y + 0*y = 0. Suppose 16*r - c*r + 12134 = y. Is r a prime number?
True
Is 3 + 9845016/((-12)/(-1)) + (-1 - -1) composite?
True
Let x be 329 + (-13)/(-5) + 28/70. Let l = 531 - x. Let i = 450 - l. Is i composite?
False
Suppose -2*n + 14*n = 0. Suppose -4*q = -h - 15331, -4*q - 4*h + 21960 - 66